{"id":1518,"date":"2021-08-27T07:53:58","date_gmt":"2021-08-27T07:53:58","guid":{"rendered":"https:\/\/bbsbux.de\/?page_id=1518"},"modified":"2025-09-11T07:26:10","modified_gmt":"2025-09-11T07:26:10","slug":"einschulungsunterlagen-2021-22","status":"publish","type":"page","link":"https:\/\/bbsbux.de\/?page_id=1518","title":{"rendered":"Einschulungsunterlagen 2025\/26"},"content":{"rendered":"\n<p>Wir wollen m\u00f6glichst auf gro\u00dfe Mengen bedrucktes Papier verzichten, deshalb finden Sie auf dieser Seite alle Dokumente f\u00fcr die Einschulung.<\/p>\n\n\n\n<ol class=\"wp-block-list\">\n<li><strong><a rel=\"noreferrer noopener\" href=\"https:\/\/www.bbs-buxtehude.de\/einschulung\/Alarmplan.pdf\" target=\"_blank\">Alarmplan<\/a> <\/strong>f\u00fcr die Schule<\/li>\n\n\n\n<li><a rel=\"noreferrer noopener\" href=\"https:\/\/www.bbs-buxtehude.de\/einschulung\/Verbot_Waffen.pdf\" target=\"_blank\"><strong>Verbot des Mitbringens von Waffen<\/strong><\/a><\/li>\n\n\n\n<li>Moodle-Nutzung in der <a href=\"https:\/\/www.bbs-buxtehude.de\/einschulung\/Moodle-Nutzung_2024_25_kfm.pdf\" target=\"_blank\" rel=\"noreferrer noopener\"><strong>Kaufm\u00e4nnischen Abteilung<\/strong><\/a> und der <a href=\"https:\/\/www.bbs-buxtehude.de\/einschulung\/Moodle-Nutzung_2023_24_gewerblich.pdf\" target=\"_blank\" rel=\"noreferrer noopener\"><strong>Gewerblichen Abteilung<\/strong><\/a><\/li>\n\n\n\n<li><a rel=\"noreferrer noopener\" href=\"https:\/\/www.bbs-buxtehude.de\/einschulung\/Infektionsschutz_Belehrung.pdf\" target=\"_blank\"><strong>Infektionsschutzgesetz<\/strong><\/a><\/li>\n\n\n\n<li><a href=\"https:\/\/www.bbs-buxtehude.de\/einschulung\/Entschuldigungsverfahren.pdf\" target=\"_blank\" rel=\"noreferrer noopener\"><strong>Entschuldigungsverfahren<\/strong><\/a><\/li>\n\n\n\n<li><a href=\"https:\/\/www.bbs-buxtehude.de\/einschulung\/SchulvertragA3-2022.pdf\" target=\"_blank\" rel=\"noreferrer noopener\"><strong>Schulvertrag<\/strong><\/a><\/li>\n\n\n\n<li>Einwilligung zu <strong><a rel=\"noreferrer noopener\" href=\"https:\/\/www.bbs-buxtehude.de\/einschulung\/Einwilligung_Videos_Eltern.pdf\" target=\"_blank\">Videoaufnahmen f\u00fcr Eltern<\/a><\/strong> und <strong><a rel=\"noreferrer noopener\" href=\"https:\/\/www.bbs-buxtehude.de\/einschulung\/Einwilligung_Videos_Erwachsene.pdf\" target=\"_blank\">erwachsene Sch\u00fcler\/innen<\/a><\/strong><\/li>\n\n\n\n<li>Einwilligung zu <a rel=\"noreferrer noopener\" href=\"https:\/\/www.bbs-buxtehude.de\/einschulung\/Einwilligung_Fotos_Eltern.pdf\" target=\"_blank\"><strong>Fotoaufnahmen f\u00fcr Eltern<\/strong><\/a> und  <a rel=\"noreferrer noopener\" href=\"https:\/\/www.bbs-buxtehude.de\/einschulung\/Einwilligung_Fotos_Erwachsene.pdf\" target=\"_blank\"><strong>erwachsene Sch\u00fcler\/innen<\/strong><\/a><\/li>\n\n\n\n<li><a href=\"https:\/\/www.bbs-buxtehude.de\/einschulung\/Benutzerordnung-EDV-2025.pdf\" target=\"_blank\" rel=\"noreferrer noopener\"><strong>EDV-Benutzerordnung<\/strong><\/a><\/li>\n\n\n\n<li>Nutzungsbedingungen f\u00fcr <a href=\"https:\/\/www.bbs-buxtehude.de\/einschulung\/Nutzungsordnung_digitale_Endgeraete_2025_26.pdf\" target=\"_blank\" rel=\"noreferrer noopener\"><strong>digitale Endger\u00e4te<\/strong><\/a><\/li>\n\n\n\n<li>Einladung f\u00fcr <a href=\"https:\/\/www.bbs-buxtehude.de\/einschulung\/Einladung_Elternschaft_2025.pdf\" target=\"_blank\" rel=\"noreferrer noopener\"><strong>Elternversammlungen (Berufsschule)<\/strong><\/a><\/li>\n<\/ol>\n\n\n\n<p><\/p>\n","protected":false},"excerpt":{"rendered":"<p>Wir wollen m\u00f6glichst auf gro\u00dfe Mengen bedrucktes Papier verzichten, deshalb finden Sie auf dieser Seite alle Dokumente f\u00fcr die Einschulung.<\/p>\n","protected":false},"author":1,"featured_media":0,"parent":0,"menu_order":0,"comment_status":"closed","ping_status":"closed","template":"","meta":{"cybocfi_hide_featured_image":"","footnotes":""},"class_list":["post-1518","page","type-page","status-publish","hentry"],"_links":{"self":[{"href":"https:\/\/bbsbux.de\/index.php?rest_route=\/wp\/v2\/pages\/1518","targetHints":{"allow":["GET"]}}],"collection":[{"href":"https:\/\/bbsbux.de\/index.php?rest_route=\/wp\/v2\/pages"}],"about":[{"href":"https:\/\/bbsbux.de\/index.php?rest_route=\/wp\/v2\/types\/page"}],"author":[{"embeddable":true,"href":"https:\/\/bbsbux.de\/index.php?rest_route=\/wp\/v2\/users\/1"}],"replies":[{"embeddable":true,"href":"https:\/\/bbsbux.de\/index.php?rest_route=%2Fwp%2Fv2%2Fcomments&post=1518"}],"version-history":[{"count":41,"href":"https:\/\/bbsbux.de\/index.php?rest_route=\/wp\/v2\/pages\/1518\/revisions"}],"predecessor-version":[{"id":4188,"href":"https:\/\/bbsbux.de\/index.php?rest_route=\/wp\/v2\/pages\/1518\/revisions\/4188"}],"wp:attachment":[{"href":"https:\/\/bbsbux.de\/index.php?rest_route=%2Fwp%2Fv2%2Fmedia&parent=1518"}],"curies":[{"name":"wp","href":"https:\/\/api.w.org\/{rel}","templated":true}]}}