{"id":195,"date":"2020-04-10T08:52:36","date_gmt":"2020-04-10T08:52:36","guid":{"rendered":"https:\/\/bbsbux.de\/?page_id=195"},"modified":"2022-09-26T09:07:59","modified_gmt":"2022-09-26T09:07:59","slug":"anreise","status":"publish","type":"page","link":"https:\/\/bbsbux.de\/?page_id=195","title":{"rendered":"Anreise"},"content":{"rendered":"\n<p>BBS Buxtehude, Konopkastra\u00dfe 7, 21614 Buxtehude<\/p>\n\n\n<div id=\"wp_osm_\" class=\"wp_osm\" style=\"width: 100%; height: 500px\" data-lon=\"7072040\" data-lat=\"1079310\" data-zoom=\"16\">\r\n\r\n\t<div class=\"ol-popup\">\r\n\r\n\t    <a href=\"#\" class=\"ol-popup-closer\"><\/a>\r\n\r\n\t    <div class=\"popup-content\"><\/div>\r\n\r\n\t<\/div>\r\n\r\n\t<div class=\"marker\" data-icon=\"https:\/\/bbsbux.de\/wp-content\/plugins\/wp-open-street-map\/images\/markers\/marker.png\" data-lon=\"1079200\" data-lat=\"7072050\" data-name=\"BBS Buxtehude\" data-description=\"Berufsbildende Schulen Buxtehude &lt;br \/&gt;\r\nKonopkastra\u00dfe 7&lt;br \/&gt;\r\n21614 Buxtehude\"><\/div><div class=\"marker\" data-icon=\"https:\/\/bbsbux.de\/wp-content\/plugins\/wp-open-street-map\/images\/markers\/marker.png\" data-lon=\"1080020\" data-lat=\"7071990\" data-name=\"BBS Buxtehude\" data-description=\"Malerschule - Unterrichtsr\u00e4ume f\u00fcr Physiotherapie&lt;br \/&gt;\r\nHafenbr\u00fccke 1&lt;br \/&gt;\r\n21614 Buxtehude\"><\/div>\r\n<\/div>\n\n\n\n<p><br><br>BBS Buxtehude, Au\u00dfenstelle Stade, Airbusstra\u00dfe 6, 21684 Stade<\/p>\n\n\n<div id=\"wp_osm_\" class=\"wp_osm\" style=\"width: 100%; height: 500px\" data-lon=\"7089530\" data-lat=\"1058780\" data-zoom=\"16\">\r\n\r\n\t<div class=\"ol-popup\">\r\n\r\n\t    <a href=\"#\" class=\"ol-popup-closer\"><\/a>\r\n\r\n\t    <div class=\"popup-content\"><\/div>\r\n\r\n\t<\/div>\r\n\r\n\t<div class=\"marker\" data-icon=\"https:\/\/bbsbux.de\/wp-content\/plugins\/wp-open-street-map\/images\/markers\/marker.png\" data-lon=\"1058310\" data-lat=\"7089660\" data-name=\"BBS Buxtehude\" data-description=\"BBS-Buxtehude - Au\u00dfenstelle Stade&lt;br \/&gt;\r\nAirbusstra\u00dfe 6&lt;br \/&gt;\r\n21684 Stade\"><\/div>\r\n<\/div>\n\n\n\n<p>&#8212;&#8212;<\/p>\n\n\n\n<p><strong>Wegbeschreibung zur BBS Buxtehude, Konopkastra\u00dfe 7, 21614 Buxtehude, Tel.: 0 41 61 \/ 55 57 0<\/strong><\/p>\n\n\n\n<p><strong>1. Anreise per Bahn:<\/strong><\/p>\n\n\n\n<p>Durch das Bahnhofsgeb\u00e4ude hindurch gehen, die schmale Stra\u00dfe \u00fcberqueren und die Treppe hinunter gehen. Die untere Stra\u00dfe ebenfalls \u00fcberqueren, und in die gegen\u00fcberliegende Br\u00fcningstra\u00dfe gehen. Leicht rechts halten, diese Stra\u00dfe geht nach etwa 400 Metern in die Konopkastra\u00dfe \u00fcber. Der Stra\u00dfe folgen, an dem auf der linken Seite liegenden Halephagen-Gymnasium und an den Sportanlagen vorbeigehen. Das Gel\u00e4nde mit dem auff\u00e4llige Geb\u00e4ude \u00fcber dem Parkplatz an der linken Stra\u00dfenseite ist Ihr Ziel. Wegstrecke: ca. 15 min<\/p>\n\n\n\n<p><strong>2. Anreise mit dem PKW:<\/strong>&nbsp;<\/p>\n\n\n\n<ul class=\"wp-block-list\"><li><strong>Aus Richtung Stade<\/strong> der B73 bis Neukloster folgen. Dort links Richtung Jork \/ Altes Land abbiegen. Nach ca. 2 km rechts nach Dammhausen \/ Buxtehude-Zentrum abbiegen und ca. 3 km der Stra\u00dfe folgen. Hinter der Ortstafel Buxtehude in die 2. Stra\u00dfe rechts, die Konopkastra\u00dfe, einbiegen. Das Gel\u00e4nde mit dem auff\u00e4lligen Geb\u00e4ude \u00fcber dem Parkplatz ist ihr Ziel.&nbsp;<br><\/li><li><strong>Aus Richtung Hamburg<\/strong> der B73 folgen und beim ersten Hinweisschild &#8222;Buxtehude-Zentrum&#8220; rechts abbiegen und dieser Stra\u00dfe ca. 3 km immer geradeaus folgen, bis Sie dicht vor der gro\u00dfen Kirche von Buxtehude sind. Dort rechts abbiegen, an der n\u00e4chsten Ampelanlage geradeaus fahren und nach etwa 200 m vor einem Hochhaus links in die Konopkastra\u00dfe einbiegen. Das Gel\u00e4nde mit dem auff\u00e4lligen Geb\u00e4ude \u00fcber dem Parkplatz ist ihr Ziel.&nbsp;&nbsp;<br><\/li><li><strong>Von der Autobahn A1, Abfahrt Rade:<\/strong> Wegweisung Buxtehude folgen, dann wie aus Richtung Hamburg beschrieben.&nbsp;<br><\/li><li><strong>Von der Autobahn A1, Abfahrt Sittensen:<\/strong> Wegweisung Buxtehude \u00fcber Apensen folgen. In Buxtehude immer der Stra\u00dfe geradeaus folgen. In Bahnn\u00e4he wird die Stra\u00dfe zweispurig. Auf der rechten Fahrspur immer der Wegweisung &#8222;Altes Land&#8220; geradeaus folgen. Bei dem Wegweiser &#8222;Altes Land &#8211; rechts abbiegen&#8220; weiter geradeaus fahren und nach ca. 200 m vor einem Hochhaus links in die Konopkastra\u00dfe einbiegen. Das Gel\u00e4nde mit dem auff\u00e4lligen Geb\u00e4ude \u00fcber dem Parkplatz ist ihr Ziel.<\/li><\/ul>\n","protected":false},"excerpt":{"rendered":"<p>BBS Buxtehude, Konopkastra\u00dfe 7, 21614 Buxtehude BBS Buxtehude, Au\u00dfenstelle Stade, Airbusstra\u00dfe 6, 21684 Stade &#8212;&#8212; Wegbeschreibung zur BBS Buxtehude, Konopkastra\u00dfe 7, 21614 Buxtehude, Tel.: 0 &hellip; <\/p>\n","protected":false},"author":1,"featured_media":0,"parent":0,"menu_order":0,"comment_status":"closed","ping_status":"closed","template":"","meta":{"cybocfi_hide_featured_image":"","footnotes":""},"class_list":["post-195","page","type-page","status-publish","hentry"],"_links":{"self":[{"href":"https:\/\/bbsbux.de\/index.php?rest_route=\/wp\/v2\/pages\/195","targetHints":{"allow":["GET"]}}],"collection":[{"href":"https:\/\/bbsbux.de\/index.php?rest_route=\/wp\/v2\/pages"}],"about":[{"href":"https:\/\/bbsbux.de\/index.php?rest_route=\/wp\/v2\/types\/page"}],"author":[{"embeddable":true,"href":"https:\/\/bbsbux.de\/index.php?rest_route=\/wp\/v2\/users\/1"}],"replies":[{"embeddable":true,"href":"https:\/\/bbsbux.de\/index.php?rest_route=%2Fwp%2Fv2%2Fcomments&post=195"}],"version-history":[{"count":20,"href":"https:\/\/bbsbux.de\/index.php?rest_route=\/wp\/v2\/pages\/195\/revisions"}],"predecessor-version":[{"id":2451,"href":"https:\/\/bbsbux.de\/index.php?rest_route=\/wp\/v2\/pages\/195\/revisions\/2451"}],"wp:attachment":[{"href":"https:\/\/bbsbux.de\/index.php?rest_route=%2Fwp%2Fv2%2Fmedia&parent=195"}],"curies":[{"name":"wp","href":"https:\/\/api.w.org\/{rel}","templated":true}]}}