{"id":2492,"date":"2022-11-07T13:11:10","date_gmt":"2022-11-07T13:11:10","guid":{"rendered":"https:\/\/bbsbux.de\/?page_id=2492"},"modified":"2022-11-07T13:40:38","modified_gmt":"2022-11-07T13:40:38","slug":"termine","status":"publish","type":"page","link":"https:\/\/bbsbux.de\/?page_id=2492","title":{"rendered":"Unsere Terminkalender"},"content":{"rendered":"\n<p><strong>&#8222;\u00d6ffentliche Einzeltermine&#8220;<\/strong> sind schulische Veranstaltungen, die nicht nur f\u00fcr Sch\u00fclerinnen und Sch\u00fcler sowie Lehrkr\u00e4fte, sondern auch f\u00fcr die interessierte \u00d6ffentlichkeit von Bedeutung sind, beispielsweise der Infotag oder Eltern- und Ausbildersprechtag.<\/p>\n\n\n\n<p>Die Seite: <strong>&#8222;Alle Termine&#8220;<\/strong> zeigt sowohl die internen als auch die externen Termine, sie ist durch ein Passwort gesch\u00fctzt.<\/p>\n\n\n\n<p><strong>&#8222;Termine eintragen&#8220;<\/strong> und &#8230; <br>&#8230; <strong>&#8222;Termine bearbeiten&#8220;<\/strong> k\u00f6nnen ebenfalls nur die angemeldeten User des Systems.<\/p>\n","protected":false},"excerpt":{"rendered":"<p>&#8222;\u00d6ffentliche Einzeltermine&#8220; sind schulische Veranstaltungen, die nicht nur f\u00fcr Sch\u00fclerinnen und Sch\u00fcler sowie Lehrkr\u00e4fte, sondern auch f\u00fcr die interessierte \u00d6ffentlichkeit von Bedeutung sind, beispielsweise der &hellip; <\/p>\n","protected":false},"author":1,"featured_media":0,"parent":0,"menu_order":0,"comment_status":"closed","ping_status":"closed","template":"","meta":{"cybocfi_hide_featured_image":"","footnotes":""},"class_list":["post-2492","page","type-page","status-publish","hentry"],"_links":{"self":[{"href":"https:\/\/bbsbux.de\/index.php?rest_route=\/wp\/v2\/pages\/2492","targetHints":{"allow":["GET"]}}],"collection":[{"href":"https:\/\/bbsbux.de\/index.php?rest_route=\/wp\/v2\/pages"}],"about":[{"href":"https:\/\/bbsbux.de\/index.php?rest_route=\/wp\/v2\/types\/page"}],"author":[{"embeddable":true,"href":"https:\/\/bbsbux.de\/index.php?rest_route=\/wp\/v2\/users\/1"}],"replies":[{"embeddable":true,"href":"https:\/\/bbsbux.de\/index.php?rest_route=%2Fwp%2Fv2%2Fcomments&post=2492"}],"version-history":[{"count":4,"href":"https:\/\/bbsbux.de\/index.php?rest_route=\/wp\/v2\/pages\/2492\/revisions"}],"predecessor-version":[{"id":2499,"href":"https:\/\/bbsbux.de\/index.php?rest_route=\/wp\/v2\/pages\/2492\/revisions\/2499"}],"wp:attachment":[{"href":"https:\/\/bbsbux.de\/index.php?rest_route=%2Fwp%2Fv2%2Fmedia&parent=2492"}],"curies":[{"name":"wp","href":"https:\/\/api.w.org\/{rel}","templated":true}]}}