{"id":3579,"date":"2024-11-11T10:20:45","date_gmt":"2024-11-11T10:20:45","guid":{"rendered":"https:\/\/bbsbux.de\/?page_id=3579"},"modified":"2026-01-23T11:22:28","modified_gmt":"2026-01-23T11:22:28","slug":"berufsfachschule-dual-b-f","status":"publish","type":"page","link":"https:\/\/bbsbux.de\/?page_id=3579","title":{"rendered":"Berufsfachschule dual B\/F (2025\/26)"},"content":{"rendered":"\n<p>Bei der Berufsfachschule dual B\/F handelt es sich um einen dual organisierten Bildungsgang mit den Lernorten Schule und Praktikumsbetrieb. Schwerpunkt ist die Vermittlung einer beruflichen Grundbildung, die mit den praktischen Erfahrungen aus dem Praktikumsbetrieb verkn\u00fcpft wird.<\/p>\n\n\n\n<p>Die neue Berufsfachschule dual B\/F tritt an die Stelle der bisherigen Einj\u00e4hrigen Berufsfachschule (BFS) sowie der Klasse 11 der Fachoberschule (FOS). Innerhalb eines Profils der Berufsfachschule dual B\/F wird es in Zukunft im zweiten Schulhalbjahr eine Aufteilung in zwei Str\u00e4nge geben.<br><br>W\u00e4hrend der <strong>B-Strang<\/strong> auf eine <strong>Berufsausbildung<\/strong> in dem jeweiligen Profil vorbereitet, besteht nach dem erfolgreichen Absolvieren des <strong>F-Stranges<\/strong> die M\u00f6glichkeit, die Zugangsberechtigung zum Besuch der <strong>Fachoberschule<\/strong> Klasse 12 zu erwerben. In beiden Str\u00e4ngen kann unter bestimmten Voraussetzungen der Erweiterte Sekundarabschluss I &#8211; Realschulabschluss erworben werden, wenn zuvor ein Hauptschulabschluss nach Klasse 10 erreicht worden ist.<br><br>Zum Ende des ersten Halbjahres beginnt im jeweiligen beruflichen Schwerpunkt (Profil) die praktische Ausbildung (Praktikum) mit Kompaktwochen. Anschlie\u00dfend wird die praktische Ausbildung (Praktikum) im B-Strang an einem Tag (Montag) und im F-Strang an drei Tagen (Mittwoch bis Freitag) fortgesetzt.<\/p>\n\n\n\n<p>Die Sch\u00fclerinnen und Sch\u00fcler bem\u00fchen sich selbstst\u00e4ndig um ein geeignetes Praktikum. Ohne Nachweis der ordnungsgem\u00e4\u00dfen Durchf\u00fchrung des Praktikums kann der angestrebte Abschluss nicht erreicht werden.<br><br>Eine Besonderheit der Berufsfachschule dual B\/F sind die umfangreichen Coaching- bzw. Beratungsangebote. Diese sollen bei der Entscheidung bez\u00fcglich des Besuchs des F- oder B-Strangs unterst\u00fctzen sowie zielgenaue Entscheidungen zur Berufswahl erm\u00f6glichen.<br><br>Weitere Informationen stehen in der <strong><a href=\"https:\/\/bbsbux.de\/wp-content\/uploads\/2025\/06\/Info-Heft_BFS-dual-BF_Stand_20250610.pdf\" target=\"_blank\" rel=\"noreferrer noopener\">Infobrosch\u00fcre<\/a><\/strong> BFS dual B\/F.<\/p>\n\n\n\n<figure class=\"wp-block-image size-full\"><img loading=\"lazy\" decoding=\"async\" width=\"1000\" height=\"677\" src=\"https:\/\/bbsbux.de\/wp-content\/uploads\/2024\/08\/bfsdual.png\" alt=\"BFS Dual B und F\" class=\"wp-image-3445\" srcset=\"https:\/\/bbsbux.de\/wp-content\/uploads\/2024\/08\/bfsdual.png 1000w, https:\/\/bbsbux.de\/wp-content\/uploads\/2024\/08\/bfsdual-300x203.png 300w, https:\/\/bbsbux.de\/wp-content\/uploads\/2024\/08\/bfsdual-768x520.png 768w\" sizes=\"auto, (max-width: 1000px) 100vw, 1000px\" \/><figcaption class=\"wp-element-caption\">BFS Dual B und F<\/figcaption><\/figure>\n\n\n\n<p><br><strong>Die drei Profile stellen sich vor:<\/strong><br><br><em>Gesundheit und Soziales<\/em><br>In diesem Profil liegt der Schwerpunkt auf der Gesundheit und der Ern\u00e4hrung des Menschen. Es werden praktische und theoretische Grundkenntnisse aus den Bereichen Pflege, Betreuung und Versorgung von Menschen vermittelt. Die Arbeit mit Menschen steht im Vordergrund. Daf\u00fcr werden hauswirtschaftliche T\u00e4tigkeiten und pflegerische Ma\u00dfnahmen in Theorie und Praxis erarbeitet und einge\u00fcbt.<br><br><em>Technik<\/em><br>In diesem Profil werden Grundkenntnisse der Metall- und Elektrotechnik vermittelt. Im theoretischen und praktischen Unterricht k\u00f6nnen technische Kenntnisse und F\u00e4higkeiten zur Vorbereitung auf eine technische Ausbildung erworben werden. Es werden technische Prozesse aus den Berufsfeldern Metall- und Elektrotechnik analysiert und geplant. In schuleigenen Laborr\u00e4umen werden Erfahrungen gesammelt und in eigenen Werkst\u00e4tten erprobt und umgesetzt.<br><br><em>Wirtschaft<\/em><br>In diesem Profil stehen Inhalte aus der Betriebswirtschaftslehre und dem Rechnungswesen im Zentrum des Unterrichtes. Diese wirtschaftlichen Grundlagen dienen zur Vorbereitung auf eine kaufm\u00e4nnische Ausbildung. Es werden typische Gesch\u00e4ftsprozesse eines Unternehmens (z. B. Beschaffung und Absatz von Waren) geplant und ausgef\u00fchrt. Der Umgang mit Computern und Apps, die im kaufm\u00e4nnischen Berufsalltag angewendet werden, ist Bestandteil des Unterrichts.<\/p>\n\n\n\n<figure class=\"wp-block-image size-large\"><img loading=\"lazy\" decoding=\"async\" width=\"1024\" height=\"208\" src=\"https:\/\/bbsbux.de\/wp-content\/uploads\/2025\/01\/Fotos_BFS_Dual-1024x208.jpg\" alt=\"\" class=\"wp-image-3756\" srcset=\"https:\/\/bbsbux.de\/wp-content\/uploads\/2025\/01\/Fotos_BFS_Dual-1024x208.jpg 1024w, https:\/\/bbsbux.de\/wp-content\/uploads\/2025\/01\/Fotos_BFS_Dual-300x61.jpg 300w, https:\/\/bbsbux.de\/wp-content\/uploads\/2025\/01\/Fotos_BFS_Dual-768x156.jpg 768w, https:\/\/bbsbux.de\/wp-content\/uploads\/2025\/01\/Fotos_BFS_Dual.jpg 1191w\" sizes=\"auto, (max-width: 1024px) 100vw, 1024px\" \/><\/figure>\n\n\n\n<p><br><strong>\u00dcbersicht \u00fcber die Profilbausteine und F\u00e4cher<\/strong>:<\/p>\n\n\n\n<figure class=\"wp-block-image size-large\"><img loading=\"lazy\" decoding=\"async\" width=\"1024\" height=\"576\" src=\"https:\/\/bbsbux.de\/wp-content\/uploads\/2025\/01\/Profilbausteine_Faecher1-1024x576.jpg\" alt=\"\" class=\"wp-image-3752\" srcset=\"https:\/\/bbsbux.de\/wp-content\/uploads\/2025\/01\/Profilbausteine_Faecher1-1024x576.jpg 1024w, https:\/\/bbsbux.de\/wp-content\/uploads\/2025\/01\/Profilbausteine_Faecher1-300x169.jpg 300w, https:\/\/bbsbux.de\/wp-content\/uploads\/2025\/01\/Profilbausteine_Faecher1-768x432.jpg 768w, https:\/\/bbsbux.de\/wp-content\/uploads\/2025\/01\/Profilbausteine_Faecher1.jpg 1280w\" sizes=\"auto, (max-width: 1024px) 100vw, 1024px\" \/><\/figure>\n\n\n\n<p><br><strong>Praktische Ausbildung (Praktikum):<\/strong><br><br>Das Ziel der praktischen Ausbildung (Praktikum) besteht darin, m\u00f6glichst konkrete Einblicke in den Ausbildungsberuf zu erhalten und erste Fertigkeiten und F\u00e4higkeiten zu erwerben. Die praktische Ausbildung (Praktikum) sollte in einem Ausbildungsberuf und in einem Betrieb, der ausbildet, absolviert werden:<\/p>\n\n\n\n<figure class=\"wp-block-image size-large\"><img loading=\"lazy\" decoding=\"async\" width=\"1024\" height=\"430\" src=\"https:\/\/bbsbux.de\/wp-content\/uploads\/2025\/01\/Tabelle-Berufe-1-1024x430.jpg\" alt=\"\" class=\"wp-image-3739\" srcset=\"https:\/\/bbsbux.de\/wp-content\/uploads\/2025\/01\/Tabelle-Berufe-1-1024x430.jpg 1024w, https:\/\/bbsbux.de\/wp-content\/uploads\/2025\/01\/Tabelle-Berufe-1-300x126.jpg 300w, https:\/\/bbsbux.de\/wp-content\/uploads\/2025\/01\/Tabelle-Berufe-1-768x322.jpg 768w, https:\/\/bbsbux.de\/wp-content\/uploads\/2025\/01\/Tabelle-Berufe-1.jpg 1280w\" sizes=\"auto, (max-width: 1024px) 100vw, 1024px\" \/><\/figure>\n\n\n\n<p>Die Sch\u00fclerinnen und Sch\u00fcler sind dazu verpflichtet, selbst einen geeigneten Praktikumsplatz zu finden.<\/p>\n\n\n\n<figure class=\"wp-block-image size-large\"><img loading=\"lazy\" decoding=\"async\" width=\"1024\" height=\"190\" src=\"https:\/\/bbsbux.de\/wp-content\/uploads\/2025\/07\/Tabelle-Praktikumzeiten-1024x190.jpg\" alt=\"\" class=\"wp-image-4058\" srcset=\"https:\/\/bbsbux.de\/wp-content\/uploads\/2025\/07\/Tabelle-Praktikumzeiten-1024x190.jpg 1024w, https:\/\/bbsbux.de\/wp-content\/uploads\/2025\/07\/Tabelle-Praktikumzeiten-300x56.jpg 300w, https:\/\/bbsbux.de\/wp-content\/uploads\/2025\/07\/Tabelle-Praktikumzeiten-768x143.jpg 768w, https:\/\/bbsbux.de\/wp-content\/uploads\/2025\/07\/Tabelle-Praktikumzeiten.jpg 1280w\" sizes=\"auto, (max-width: 1024px) 100vw, 1024px\" \/><\/figure>\n\n\n\n<p>Die Praktikumszeitpl\u00e4ne f\u00fcr den <a href=\"https:\/\/bbsbux.de\/praktika\/kau\/Praktikumszeitplan_BFS_B.pdf\" target=\"_blank\" rel=\"noreferrer noopener\"><strong>B-Strang<\/strong><\/a> und den <a href=\"https:\/\/bbsbux.de\/praktika\/kau\/Praktikumszeitplan_BFS_F.pdf\" target=\"_blank\" rel=\"noreferrer noopener\"><strong>F-Strang<\/strong><\/a> dokumentieren die Praktikumszeiten als \u00dcbersicht. Jede Sch\u00fclerin und jeder Sch\u00fcler muss mit dem Praktikumsbetrieb einen Praktikumsvertrag (siehe Downloads) abschlie\u00dfen.<br><\/p>\n\n\n\n<p><strong>Downloads:<\/strong><br><br><strong>Allgemeine Informationen zur Schulform:<\/strong><br>&#8211; <a href=\"https:\/\/bbsbux.de\/wp-content\/uploads\/2024\/11\/BFS_dual_BF_25_26_20241128_Webseite.pdf\" target=\"_blank\" rel=\"noreferrer noopener\"><strong>Flyer<\/strong><\/a><strong> <\/strong>BFS dual B\/F<br>&#8211; <strong><a href=\"https:\/\/bbsbux.de\/wp-content\/uploads\/2025\/06\/Info-Heft_BFS-dual-BF_Stand_20250610.pdf\" target=\"_blank\" rel=\"noreferrer noopener\">Infobrosch\u00fcre<\/a><\/strong> BFS dual B\/F<br><br><strong>Informationen zum Praktikum f\u00fcr Sch\u00fclerinnen und Sch\u00fcler:<\/strong><br>&#8211; Praktikumszeitplan <a href=\"https:\/\/bbsbux.de\/praktika\/kau\/Praktikumszeitplan_BFS_B.pdf\" target=\"_blank\" rel=\"noreferrer noopener\"><strong>B-Strang<\/strong><\/a><br>&#8211; Praktikumszeitplan <a href=\"https:\/\/bbsbux.de\/praktika\/kau\/Praktikumszeitplan_BFS_F.pdf\" target=\"_blank\" rel=\"noreferrer noopener\"><strong>F-Strang<\/strong><\/a><br>&#8211; Praktikumsvertragsvordruck <a href=\"https:\/\/bbsbux.de\/wp-content\/uploads\/2025\/01\/2025-2026_Praktikumsvertrag_BFS-dual-B_F-Profil-Gesundheit-und-Soziales-1.pdf\" target=\"_blank\" rel=\"noreferrer noopener\"><strong>Profil Gesundheit und Soziales<\/strong><\/a><br>&#8211; Praktikumsvertragsvordruck <strong><a href=\"https:\/\/bbsbux.de\/wp-content\/uploads\/2025\/01\/2025-2026_Praktikumsvertrag_BFS-dual-B_F-Profil-Technik-1.pdf\" target=\"_blank\" rel=\"noreferrer noopener\">Profil Technik<\/a><\/strong><br>&#8211; Praktikumsvertragsvordruck <strong><a href=\"https:\/\/bbsbux.de\/wp-content\/uploads\/2025\/01\/2025-2026_Praktikumsvertrag_BFS-dual-B_F-Profil-Wirtschaft-1.pdf\" target=\"_blank\" rel=\"noreferrer noopener\">Profil Wirtschaft<\/a><\/strong><br><br> <strong>Weitere Unterlagen zum Praktikum<\/strong> <strong>f\u00fcr das <a href=\"https:\/\/bbsbux.de\/?page_id=4044\" data-type=\"page\" data-id=\"4044\" target=\"_blank\" rel=\"noreferrer noopener\">Profil Wirtschaft<\/a><\/strong><br><br> <strong>Hinweise zum Praktikum f\u00fcr Unternehmen:<\/strong><br>&#8211; <a href=\"https:\/\/bbsbux.de\/?page_id=3619\"><strong>Einverst\u00e4ndniserkl\u00e4rung<\/strong><\/a> f\u00fcr die Weitergabe der Kontaktdaten der Praktikumsstellen<\/p>\n\n\n\n<p><\/p>\n\n\n\n<p><\/p>\n","protected":false},"excerpt":{"rendered":"<p>Bei der Berufsfachschule dual B\/F handelt es sich um einen dual organisierten Bildungsgang mit den Lernorten Schule und Praktikumsbetrieb. Schwerpunkt ist die Vermittlung einer beruflichen &hellip; <\/p>\n","protected":false},"author":1,"featured_media":0,"parent":0,"menu_order":0,"comment_status":"closed","ping_status":"closed","template":"","meta":{"cybocfi_hide_featured_image":"","footnotes":""},"class_list":["post-3579","page","type-page","status-publish","hentry"],"_links":{"self":[{"href":"https:\/\/bbsbux.de\/index.php?rest_route=\/wp\/v2\/pages\/3579","targetHints":{"allow":["GET"]}}],"collection":[{"href":"https:\/\/bbsbux.de\/index.php?rest_route=\/wp\/v2\/pages"}],"about":[{"href":"https:\/\/bbsbux.de\/index.php?rest_route=\/wp\/v2\/types\/page"}],"author":[{"embeddable":true,"href":"https:\/\/bbsbux.de\/index.php?rest_route=\/wp\/v2\/users\/1"}],"replies":[{"embeddable":true,"href":"https:\/\/bbsbux.de\/index.php?rest_route=%2Fwp%2Fv2%2Fcomments&post=3579"}],"version-history":[{"count":61,"href":"https:\/\/bbsbux.de\/index.php?rest_route=\/wp\/v2\/pages\/3579\/revisions"}],"predecessor-version":[{"id":4440,"href":"https:\/\/bbsbux.de\/index.php?rest_route=\/wp\/v2\/pages\/3579\/revisions\/4440"}],"wp:attachment":[{"href":"https:\/\/bbsbux.de\/index.php?rest_route=%2Fwp%2Fv2%2Fmedia&parent=3579"}],"curies":[{"name":"wp","href":"https:\/\/api.w.org\/{rel}","templated":true}]}}

<p>Bei der Berufsfachschule dual B/F handelt es sich um einen dual organisierten Bildungsgang mit den Lernorten Schule und Praktikumsbetrieb. Schwerpunkt ist die Vermittlung einer beruflichen Grundbildung, die mit den praktischen Erfahrungen aus dem Praktikumsbetrieb verknüpft wird.</p>



<p>Die neue Berufsfachschule dual B/F tritt an die Stelle der bisherigen Einjährigen Berufsfachschule (BFS) sowie der Klasse 11 der Fachoberschule (FOS). Innerhalb eines Profils der Berufsfachschule dual B/F wird es in Zukunft im zweiten Schulhalbjahr eine Aufteilung in zwei Stränge geben.<br><br>Während der <strong>B-Strang</strong> auf eine <strong>Berufsausbildung</strong> in dem jeweiligen Profil vorbereitet, besteht nach dem erfolgreichen Absolvieren des <strong>F-Stranges</strong> die Möglichkeit, die Zugangsberechtigung zum Besuch der <strong>Fachoberschule</strong> Klasse 12 zu erwerben. In beiden Strängen kann unter bestimmten Voraussetzungen der Erweiterte Sekundarabschluss I &#8211; Realschulabschluss erworben werden, wenn zuvor ein Hauptschulabschluss nach Klasse 10 erreicht worden ist.<br><br>Zum Ende des ersten Halbjahres beginnt im jeweiligen beruflichen Schwerpunkt (Profil) die praktische Ausbildung (Praktikum) mit Kompaktwochen. Anschließend wird die praktische Ausbildung (Praktikum) im B-Strang an einem Tag (Montag) und im F-Strang an drei Tagen (Mittwoch bis Freitag) fortgesetzt.</p>



<p>Die Schülerinnen und Schüler bemühen sich selbstständig um ein geeignetes Praktikum. Ohne Nachweis der ordnungsgemäßen Durchführung des Praktikums kann der angestrebte Abschluss nicht erreicht werden.<br><br>Eine Besonderheit der Berufsfachschule dual B/F sind die umfangreichen Coaching- bzw. Beratungsangebote. Diese sollen bei der Entscheidung bezüglich des Besuchs des F- oder B-Strangs unterstützen sowie zielgenaue Entscheidungen zur Berufswahl ermöglichen.<br><br>Weitere Informationen stehen in der <strong><a href="https://bbsbux.de/wp-content/uploads/2025/06/Info-Heft_BFS-dual-BF_Stand_20250610.pdf" target="_blank" rel="noreferrer noopener">Infobroschüre</a></strong> BFS dual B/F.</p>



<figure class="wp-block-image size-full"><img loading="lazy" decoding="async" width="1000" height="677" src="https://bbsbux.de/wp-content/uploads/2024/08/bfsdual.png" alt="BFS Dual B und F" class="wp-image-3445" srcset="https://bbsbux.de/wp-content/uploads/2024/08/bfsdual.png 1000w, https://bbsbux.de/wp-content/uploads/2024/08/bfsdual-300x203.png 300w, https://bbsbux.de/wp-content/uploads/2024/08/bfsdual-768x520.png 768w" sizes="auto, (max-width: 1000px) 100vw, 1000px" /><figcaption class="wp-element-caption">BFS Dual B und F</figcaption></figure>



<p><br><strong>Die drei Profile stellen sich vor:</strong><br><br><em>Gesundheit und Soziales</em><br>In diesem Profil liegt der Schwerpunkt auf der Gesundheit und der Ernährung des Menschen. Es werden praktische und theoretische Grundkenntnisse aus den Bereichen Pflege, Betreuung und Versorgung von Menschen vermittelt. Die Arbeit mit Menschen steht im Vordergrund. Dafür werden hauswirtschaftliche Tätigkeiten und pflegerische Maßnahmen in Theorie und Praxis erarbeitet und eingeübt.<br><br><em>Technik</em><br>In diesem Profil werden Grundkenntnisse der Metall- und Elektrotechnik vermittelt. Im theoretischen und praktischen Unterricht können technische Kenntnisse und Fähigkeiten zur Vorbereitung auf eine technische Ausbildung erworben werden. Es werden technische Prozesse aus den Berufsfeldern Metall- und Elektrotechnik analysiert und geplant. In schuleigenen Laborräumen werden Erfahrungen gesammelt und in eigenen Werkstätten erprobt und umgesetzt.<br><br><em>Wirtschaft</em><br>In diesem Profil stehen Inhalte aus der Betriebswirtschaftslehre und dem Rechnungswesen im Zentrum des Unterrichtes. Diese wirtschaftlichen Grundlagen dienen zur Vorbereitung auf eine kaufmännische Ausbildung. Es werden typische Geschäftsprozesse eines Unternehmens (z. B. Beschaffung und Absatz von Waren) geplant und ausgeführt. Der Umgang mit Computern und Apps, die im kaufmännischen Berufsalltag angewendet werden, ist Bestandteil des Unterrichts.</p>



<figure class="wp-block-image size-large"><img loading="lazy" decoding="async" width="1024" height="208" src="https://bbsbux.de/wp-content/uploads/2025/01/Fotos_BFS_Dual-1024x208.jpg" alt="" class="wp-image-3756" srcset="https://bbsbux.de/wp-content/uploads/2025/01/Fotos_BFS_Dual-1024x208.jpg 1024w, https://bbsbux.de/wp-content/uploads/2025/01/Fotos_BFS_Dual-300x61.jpg 300w, https://bbsbux.de/wp-content/uploads/2025/01/Fotos_BFS_Dual-768x156.jpg 768w, https://bbsbux.de/wp-content/uploads/2025/01/Fotos_BFS_Dual.jpg 1191w" sizes="auto, (max-width: 1024px) 100vw, 1024px" /></figure>



<p><br><strong>Übersicht über die Profilbausteine und Fächer</strong>:</p>



<figure class="wp-block-image size-large"><img loading="lazy" decoding="async" width="1024" height="576" src="https://bbsbux.de/wp-content/uploads/2025/01/Profilbausteine_Faecher1-1024x576.jpg" alt="" class="wp-image-3752" srcset="https://bbsbux.de/wp-content/uploads/2025/01/Profilbausteine_Faecher1-1024x576.jpg 1024w, https://bbsbux.de/wp-content/uploads/2025/01/Profilbausteine_Faecher1-300x169.jpg 300w, https://bbsbux.de/wp-content/uploads/2025/01/Profilbausteine_Faecher1-768x432.jpg 768w, https://bbsbux.de/wp-content/uploads/2025/01/Profilbausteine_Faecher1.jpg 1280w" sizes="auto, (max-width: 1024px) 100vw, 1024px" /></figure>



<p><br><strong>Praktische Ausbildung (Praktikum):</strong><br><br>Das Ziel der praktischen Ausbildung (Praktikum) besteht darin, möglichst konkrete Einblicke in den Ausbildungsberuf zu erhalten und erste Fertigkeiten und Fähigkeiten zu erwerben. Die praktische Ausbildung (Praktikum) sollte in einem Ausbildungsberuf und in einem Betrieb, der ausbildet, absolviert werden:</p>



<figure class="wp-block-image size-large"><img loading="lazy" decoding="async" width="1024" height="430" src="https://bbsbux.de/wp-content/uploads/2025/01/Tabelle-Berufe-1-1024x430.jpg" alt="" class="wp-image-3739" srcset="https://bbsbux.de/wp-content/uploads/2025/01/Tabelle-Berufe-1-1024x430.jpg 1024w, https://bbsbux.de/wp-content/uploads/2025/01/Tabelle-Berufe-1-300x126.jpg 300w, https://bbsbux.de/wp-content/uploads/2025/01/Tabelle-Berufe-1-768x322.jpg 768w, https://bbsbux.de/wp-content/uploads/2025/01/Tabelle-Berufe-1.jpg 1280w" sizes="auto, (max-width: 1024px) 100vw, 1024px" /></figure>



<p>Die Schülerinnen und Schüler sind dazu verpflichtet, selbst einen geeigneten Praktikumsplatz zu finden.</p>



<figure class="wp-block-image size-large"><img loading="lazy" decoding="async" width="1024" height="190" src="https://bbsbux.de/wp-content/uploads/2025/07/Tabelle-Praktikumzeiten-1024x190.jpg" alt="" class="wp-image-4058" srcset="https://bbsbux.de/wp-content/uploads/2025/07/Tabelle-Praktikumzeiten-1024x190.jpg 1024w, https://bbsbux.de/wp-content/uploads/2025/07/Tabelle-Praktikumzeiten-300x56.jpg 300w, https://bbsbux.de/wp-content/uploads/2025/07/Tabelle-Praktikumzeiten-768x143.jpg 768w, https://bbsbux.de/wp-content/uploads/2025/07/Tabelle-Praktikumzeiten.jpg 1280w" sizes="auto, (max-width: 1024px) 100vw, 1024px" /></figure>



<p>Die Praktikumszeitpläne für den <a href="https://bbsbux.de/praktika/kau/Praktikumszeitplan_BFS_B.pdf" target="_blank" rel="noreferrer noopener"><strong>B-Strang</strong></a> und den <a href="https://bbsbux.de/praktika/kau/Praktikumszeitplan_BFS_F.pdf" target="_blank" rel="noreferrer noopener"><strong>F-Strang</strong></a> dokumentieren die Praktikumszeiten als Übersicht. Jede Schülerin und jeder Schüler muss mit dem Praktikumsbetrieb einen Praktikumsvertrag (siehe Downloads) abschließen.<br></p>



<p><strong>Downloads:</strong><br><br><strong>Allgemeine Informationen zur Schulform:</strong><br>&#8211; <a href="https://bbsbux.de/wp-content/uploads/2024/11/BFS_dual_BF_25_26_20241128_Webseite.pdf" target="_blank" rel="noreferrer noopener"><strong>Flyer</strong></a><strong> </strong>BFS dual B/F<br>&#8211; <strong><a href="https://bbsbux.de/wp-content/uploads/2025/06/Info-Heft_BFS-dual-BF_Stand_20250610.pdf" target="_blank" rel="noreferrer noopener">Infobroschüre</a></strong> BFS dual B/F<br><br><strong>Informationen zum Praktikum für Schülerinnen und Schüler:</strong><br>&#8211; Praktikumszeitplan <a href="https://bbsbux.de/praktika/kau/Praktikumszeitplan_BFS_B.pdf" target="_blank" rel="noreferrer noopener"><strong>B-Strang</strong></a><br>&#8211; Praktikumszeitplan <a href="https://bbsbux.de/praktika/kau/Praktikumszeitplan_BFS_F.pdf" target="_blank" rel="noreferrer noopener"><strong>F-Strang</strong></a><br>&#8211; Praktikumsvertragsvordruck <a href="https://bbsbux.de/wp-content/uploads/2025/01/2025-2026_Praktikumsvertrag_BFS-dual-B_F-Profil-Gesundheit-und-Soziales-1.pdf" target="_blank" rel="noreferrer noopener"><strong>Profil Gesundheit und Soziales</strong></a><br>&#8211; Praktikumsvertragsvordruck <strong><a href="https://bbsbux.de/wp-content/uploads/2025/01/2025-2026_Praktikumsvertrag_BFS-dual-B_F-Profil-Technik-1.pdf" target="_blank" rel="noreferrer noopener">Profil Technik</a></strong><br>&#8211; Praktikumsvertragsvordruck <strong><a href="https://bbsbux.de/wp-content/uploads/2025/01/2025-2026_Praktikumsvertrag_BFS-dual-B_F-Profil-Wirtschaft-1.pdf" target="_blank" rel="noreferrer noopener">Profil Wirtschaft</a></strong><br><br> <strong>Weitere Unterlagen zum Praktikum</strong> <strong>für das <a href="https://bbsbux.de/?page_id=4044" data-type="page" data-id="4044" target="_blank" rel="noreferrer noopener">Profil Wirtschaft</a></strong><br><br> <strong>Hinweise zum Praktikum für Unternehmen:</strong><br>&#8211; <a href="https://bbsbux.de/?page_id=3619"><strong>Einverständniserklärung</strong></a> für die Weitergabe der Kontaktdaten der Praktikumsstellen</p>



<p></p>



<p></p>
