{"id":388,"date":"2020-06-15T13:21:09","date_gmt":"2020-06-15T13:21:09","guid":{"rendered":"https:\/\/bbsbux.de\/?page_id=388"},"modified":"2026-04-16T16:04:54","modified_gmt":"2026-04-16T16:04:54","slug":"einjaehrige-berufsfachschule-elektrotechnik-schwerpunkt-mechatronik","status":"publish","type":"page","link":"https:\/\/bbsbux.de\/?page_id=388","title":{"rendered":"Einj\u00e4hrige Berufsfachschule Elektrotechnik, Schwerpunkt Mechatronik"},"content":{"rendered":"\n<p><strong>Ziele der einj\u00e4hrigen Berufsfachschule Elektrotechnik, Schwerpunkt Mechatronik<\/strong><br>Diese einj\u00e4hrige Berufsfachschule hat die Aufgabe, den Sch\u00fclerinnen und Sch\u00fclern technische Grundkenntnisse zu vermitteln. Bei erfolgreichem Besuch kann das Schuljahr teilweise oder ganz auf das 1. Ausbildungsjahr in dem entsprechenden Beruf anerkannt werden.<br><br><strong>Voraussetzungen<\/strong><\/p>\n\n\n\n<ul class=\"wp-block-list\">\n<li>Ein guter Hauptschulabschluss,  ein Sekundarabschluss I &#8211; Hauptschulabschluss Klasse 10 oder <\/li>\n\n\n\n<li>Sekundarabschluss I &#8211; Realschulabschluss.<\/li>\n\n\n\n<li>Die Kosten\u00fcbernahme f\u00fcr Materialien, Kopien und sonstige Ausgaben (einmalig 22 \u20ac bis zum 30.08. am Anfang des Schuljahres), kostenpflichtige Ausleihe bzw. Anschaffung der notwendigen B\u00fccher und Arbeitskleidung.<\/li>\n<\/ul>\n\n\n\n<p><strong>Unterrichtsf\u00e4cher<\/strong><br>Die F\u00e4cher der einj\u00e4hrigen Berufsfachschule Elektrotechnik, Schwerpunkt Mechatronik \u2013 Realschulabschluss werden in zwei Lernbereiche unterteilt:<br><br><strong>Berufs\u00fcbergreifender Lernbereich<\/strong><\/p>\n\n\n\n<ul class=\"wp-block-list\">\n<li>Deutsch \/ Kommunikation<\/li>\n\n\n\n<li>Englisch \/ Kommunikation<\/li>\n\n\n\n<li>Politik<\/li>\n\n\n\n<li>Sport<\/li>\n\n\n\n<li>Religion<\/li>\n<\/ul>\n\n\n\n<p>Im Wesentlichen werden die Unterrichtsthemen berufsbezogen vermittelt.<br>Mathematik ist inhaltlicher Bestandteil der Lernfelder.<br><br><strong>Berufsbezogener Lernbereich<\/strong><\/p>\n\n\n\n<ul class=\"wp-block-list\">\n<li>Fachtheorie<br>und<\/li>\n\n\n\n<li>Fachpraxis<\/li>\n<\/ul>\n\n\n\n<p>werden in Lernfeldern unterrichtet.<br><br>Neben der fachpraktischen Grundbildung in den Fachpraxisr\u00e4umen der Schule absolvieren Sie im zweiten Halbjahr eine 160-st\u00fcndige praktische Ausbildung in geeigneten Einrichtungen \/ Betrieben des Berufsfeldes Elektrotechnik. Den <strong><a href=\"https:\/\/bbsbux.de\/wp-content\/uploads\/2026\/03\/Praktikum-160-Std-2026-2027-BFS-_-Technik_2HJ.pdf\" target=\"_blank\" rel=\"noreferrer noopener\">Zeitplan<\/a><\/strong>&nbsp;und den <strong><a href=\"https:\/\/bbsbux.de\/wp-content\/uploads\/2026\/04\/2026_2027_Praktikumsvertrag_BFEM.pdf\">Vertragsvordruck<\/a> <\/strong>k\u00f6nnen Sie hier herunterladen.<\/p>\n\n\n\n<p><strong>Flyer<\/strong> (in Bearbeitung)<br><br><strong>Abschl\u00fcsse und Berechtigungen<\/strong><\/p>\n\n\n\n<ul class=\"wp-block-list\">\n<li>Bei erfolgreichem Besuch kann das Schuljahr teilweise oder ganz auf das 1. Ausbildungsjahr in dem entsprechenden Beruf anerkannt werden.<\/li>\n\n\n\n<li>Sie k\u00f6nnen bei gegebenen Voraussetzungen und Leistungen den Erweiterten Sekundarabschluss I erreichen (Die notwendigen Unterrichtsinhalte k\u00f6nnen nur bei entsprechender Sch\u00fcleranzahl angeboten werden).<\/li>\n\n\n\n<li>Nach dem Besuch der Schule endet die Schulpflicht, soweit keine Ausbildung begonnen wird.<\/li>\n\n\n\n<li>Sie k\u00f6nnen besser qualifiziert eine Ausbildung beginnen.<\/li>\n<\/ul>\n\n\n\n<p><strong>Anschlussm\u00f6glichkeiten:<\/strong><\/p>\n\n\n\n<figure class=\"wp-block-image size-large\"><img loading=\"lazy\" decoding=\"async\" width=\"1024\" height=\"576\" src=\"https:\/\/bbsbux.de\/wp-content\/uploads\/2026\/03\/Uebersicht_neue-Struktur_202627-1-1024x576.png\" alt=\"\" class=\"wp-image-4697\" srcset=\"https:\/\/bbsbux.de\/wp-content\/uploads\/2026\/03\/Uebersicht_neue-Struktur_202627-1-1024x576.png 1024w, https:\/\/bbsbux.de\/wp-content\/uploads\/2026\/03\/Uebersicht_neue-Struktur_202627-1-300x169.png 300w, https:\/\/bbsbux.de\/wp-content\/uploads\/2026\/03\/Uebersicht_neue-Struktur_202627-1-768x432.png 768w, https:\/\/bbsbux.de\/wp-content\/uploads\/2026\/03\/Uebersicht_neue-Struktur_202627-1.png 1280w\" sizes=\"auto, (max-width: 1024px) 100vw, 1024px\" \/><\/figure>\n","protected":false},"excerpt":{"rendered":"<p>Ziele der einj\u00e4hrigen Berufsfachschule Elektrotechnik, Schwerpunkt MechatronikDiese einj\u00e4hrige Berufsfachschule hat die Aufgabe, den Sch\u00fclerinnen und Sch\u00fclern technische Grundkenntnisse zu vermitteln. Bei erfolgreichem Besuch kann das &hellip; <\/p>\n","protected":false},"author":1,"featured_media":391,"parent":0,"menu_order":0,"comment_status":"closed","ping_status":"closed","template":"","meta":{"cybocfi_hide_featured_image":"","footnotes":""},"class_list":["post-388","page","type-page","status-publish","has-post-thumbnail","hentry"],"_links":{"self":[{"href":"https:\/\/bbsbux.de\/index.php?rest_route=\/wp\/v2\/pages\/388","targetHints":{"allow":["GET"]}}],"collection":[{"href":"https:\/\/bbsbux.de\/index.php?rest_route=\/wp\/v2\/pages"}],"about":[{"href":"https:\/\/bbsbux.de\/index.php?rest_route=\/wp\/v2\/types\/page"}],"author":[{"embeddable":true,"href":"https:\/\/bbsbux.de\/index.php?rest_route=\/wp\/v2\/users\/1"}],"replies":[{"embeddable":true,"href":"https:\/\/bbsbux.de\/index.php?rest_route=%2Fwp%2Fv2%2Fcomments&post=388"}],"version-history":[{"count":19,"href":"https:\/\/bbsbux.de\/index.php?rest_route=\/wp\/v2\/pages\/388\/revisions"}],"predecessor-version":[{"id":4727,"href":"https:\/\/bbsbux.de\/index.php?rest_route=\/wp\/v2\/pages\/388\/revisions\/4727"}],"wp:featuredmedia":[{"embeddable":true,"href":"https:\/\/bbsbux.de\/index.php?rest_route=\/wp\/v2\/media\/391"}],"wp:attachment":[{"href":"https:\/\/bbsbux.de\/index.php?rest_route=%2Fwp%2Fv2%2Fmedia&parent=388"}],"curies":[{"name":"wp","href":"https:\/\/api.w.org\/{rel}","templated":true}]}}