{"id":4086,"date":"2025-08-12T17:13:35","date_gmt":"2025-08-12T17:13:35","guid":{"rendered":"https:\/\/bbsbux.de\/?page_id=4086"},"modified":"2025-08-13T13:35:34","modified_gmt":"2025-08-13T13:35:34","slug":"b-e-r-u-f-s-a-u-s-b-i-l-d-u-n-g","status":"publish","type":"page","link":"https:\/\/bbsbux.de\/?page_id=4086","title":{"rendered":"B E R U F S A U S B I L D U N G"},"content":{"rendered":"\n<p><strong>Einschulung &#8211; Donnerstag, 14.08.2025 um 8:00 Uhr<\/strong><\/p>\n\n\n\n<figure class=\"wp-block-table\"><table class=\"has-fixed-layout\"><tbody><tr><td><strong>Klasse<\/strong><\/td><td><strong>Ausbildungsberuf<\/strong><\/td><td><strong>Ort<\/strong><\/td><\/tr><tr><td><strong>FKUE25<\/strong><strong><\/strong><\/td><td>Fachkraft K\u00fcche<\/td><td>Raum 334<\/td><\/tr><tr><td><strong>WKB25<\/strong><strong><\/strong><\/td><td>Kaufmann\/frau f\u00fcr B\u00fcromanagement<\/td><td>Raum 336<\/td><\/tr><tr><td><strong>WKG25<\/strong><br><br><strong>WKC25<\/strong><\/td><td>Kaufmann\/frau f\u00fcr<br>Gro\u00df- und Au\u00dfenhandelsmanagement Kaufmann\/frau im E-Commerce<\/td><td>&nbsp; Raum 610 &nbsp;<\/td><\/tr><tr><td><strong>WKE25<\/strong><strong><\/strong><\/td><td>Kaufmann\/frau im Einzelhandel Verk\u00e4ufer\/in<\/td><td>R\u00e4ume 321 \/ 326<\/td><\/tr><tr><td><strong>ELH25<\/strong><strong><\/strong><\/td><td>Elektroniker\/in<br>f\u00fcr Energie- und Geb\u00e4udetechnik<\/td><td>Raum 420<br><br><\/td><\/tr><tr><td><strong>ELA25<\/strong> <br><strong>ELB25<\/strong><\/td><td>Elektroniker\/in f\u00fcr Automatisierungstechnik Elektroniker\/in f\u00fcr Betriebstechnik<\/td><td>Raum 434<\/td><\/tr><tr><td><strong>FMA25<\/strong> <br><strong>FFA25<\/strong><\/td><td>Maler\/in und Lackierer\/in Fahrzeuglackierer\/in<\/td><td>Raum 311<\/td><\/tr><tr><td><strong>MEC25<\/strong><strong><\/strong><\/td><td>Mechatroniker\/in<br><\/td><td>Raum 430<\/td><\/tr><tr><td><strong>MET25<\/strong><strong><\/strong><\/td><td>Industriemechaniker\/in<br>Feinwerkmechaniker\/in<br>Werkzeugmechaniker\/in<br>Zerspanungsmechaniker<br>Maschinen- und Anlagenf\u00fchrer\/in<\/td><td>Raum 514<br>Raum 522<br>Raum 513<br><br><\/td><\/tr><tr><td><strong>KFZ25<\/strong><strong><\/strong> <strong>&nbsp;<\/strong><\/td><td>Kraftfahrzeugmechatroniker\/in<\/td><td>Raum 414<br>Raum 416<\/td><\/tr><\/tbody><\/table><figcaption class=\"wp-element-caption\">Stand: 12.08.2025<\/figcaption><\/figure>\n","protected":false},"excerpt":{"rendered":"<p>Einschulung &#8211; Donnerstag, 14.08.2025 um 8:00 Uhr Klasse Ausbildungsberuf Ort FKUE25 Fachkraft K\u00fcche Raum 334 WKB25 Kaufmann\/frau f\u00fcr B\u00fcromanagement Raum 336 WKG25 WKC25 Kaufmann\/frau f\u00fcrGro\u00df- &hellip; <\/p>\n","protected":false},"author":1,"featured_media":0,"parent":0,"menu_order":0,"comment_status":"closed","ping_status":"closed","template":"","meta":{"cybocfi_hide_featured_image":"","footnotes":""},"class_list":["post-4086","page","type-page","status-publish","hentry"],"_links":{"self":[{"href":"https:\/\/bbsbux.de\/index.php?rest_route=\/wp\/v2\/pages\/4086","targetHints":{"allow":["GET"]}}],"collection":[{"href":"https:\/\/bbsbux.de\/index.php?rest_route=\/wp\/v2\/pages"}],"about":[{"href":"https:\/\/bbsbux.de\/index.php?rest_route=\/wp\/v2\/types\/page"}],"author":[{"embeddable":true,"href":"https:\/\/bbsbux.de\/index.php?rest_route=\/wp\/v2\/users\/1"}],"replies":[{"embeddable":true,"href":"https:\/\/bbsbux.de\/index.php?rest_route=%2Fwp%2Fv2%2Fcomments&post=4086"}],"version-history":[{"count":2,"href":"https:\/\/bbsbux.de\/index.php?rest_route=\/wp\/v2\/pages\/4086\/revisions"}],"predecessor-version":[{"id":4091,"href":"https:\/\/bbsbux.de\/index.php?rest_route=\/wp\/v2\/pages\/4086\/revisions\/4091"}],"wp:attachment":[{"href":"https:\/\/bbsbux.de\/index.php?rest_route=%2Fwp%2Fv2%2Fmedia&parent=4086"}],"curies":[{"name":"wp","href":"https:\/\/api.w.org\/{rel}","templated":true}]}}