{"id":4276,"date":"2025-10-08T11:10:53","date_gmt":"2025-10-08T11:10:53","guid":{"rendered":"https:\/\/bbsbux.de\/?page_id=4276"},"modified":"2025-10-08T12:37:06","modified_gmt":"2025-10-08T12:37:06","slug":"was-ist-das-kmk-fremdsprachenzertifikat","status":"publish","type":"page","link":"https:\/\/bbsbux.de\/?page_id=4276","title":{"rendered":"Was ist das KMK-Fremdsprachenzertifikat?"},"content":{"rendered":"\n<p>Das KMK-Fremdsprachenzertifikat ist ein bundesweit einheitlich geregeltes Zertifikat zum <strong>Nachweis berufsbezogener Fremdsprachenkenntnisse<\/strong>. Die KMK-Sprachpr\u00fcfung ist ein international anerkanntes Fremdsprachenzertifikat gem\u00e4\u00df dem <strong>\u201eGemeinsamen Europ\u00e4ischen Referenzrahmen f\u00fcr Sprachen\u201c.<\/strong><br>Viele Betriebe legen mittlerweile gro\u00dfen Wert darauf, dass ihre Auszubildenden das KMK-Fremdsprachenzertifikat erwerben und \u00fcbernehmen den <strong>Pr\u00fcfungsgeb\u00fchr von 85\u20ac.<\/strong> F\u00fcr Sch\u00fclerinnen und Sch\u00fcler an Berufsschulen ist der Erwerb <strong>freiwillig<\/strong>. Die verbindliche Anmeldung erfolgt im November 2025.<br>Sie k\u00f6nnen diese, f\u00fcr den beruflichen Werdegang <strong>bedeutsame Zusatzqualifikation<\/strong>, erwerben und damit Ihre Mobilit\u00e4t in der Arbeitswelt zus\u00e4tzlich f\u00f6rdern. Eine besondere St\u00e4rke dieses Sprachzertifikats liegt in seiner konsequenten <strong>Ausrichtung<\/strong> auf den jeweiligen Beruf oder Berufsfeld, z.B. Mechatroniker, Berufe im Handel, Berufe im Gastgewerbe.<\/p>\n\n\n\n<p>Gepr\u00fcft werden die Kompetenzbereiche H\u00f6r- und Leseverstehen, Textproduktion und Textmediation. Hinzu kommt die m\u00fcndliche Pr\u00fcfung als Dialogsituation, die die kommunikative Kompetenz im beruflichen Kontext im Fokus hat.<\/p>\n\n\n\n<p>An den BBS Buxtehude finden die Pr\u00fcfungen in den verschiedenen <strong>Niveaus (B1\/B2\/C1),<\/strong> in der Fremdsprache <strong>Englisch<\/strong>,&nbsp;in einem der folgenden beruflichen Bereiche statt: <strong>Wirtschaft und Verwaltung <\/strong>(Auszubildende aus dem Gro\u00df- und Einzelhandel, B\u00fcro sowie E-Commerce) und ab 2024 neu auch <strong>Elektroniker<\/strong> Niveau B1.<\/p>\n\n\n\n<p><strong>Termine<\/strong><\/p>\n\n\n\n<ul class=\"wp-block-list\">\n<li>verbindliche <strong>Anmeldung &amp; Geldeingang<\/strong>: bis zum Mo, <strong>03. November 2025<\/strong> (<a href=\"https:\/\/bbsbux.de\/wp-content\/uploads\/2025\/10\/KMK_Anmeldebogen_2026.pdf\" target=\"_blank\" rel=\"noreferrer noopener\"><strong>Anmeldeformular als pdf-Datei<\/strong><\/a>)<\/li>\n\n\n\n<li>an 2 Samstagen findet von 8 &#8211; 12 Uhr die<strong> Pr\u00fcfungsvorbereitung<\/strong> statt (TN nicht verbindlich):<\/li>\n\n\n\n<li><strong>Termin: &nbsp;Sa, 29.11.2025<\/strong><\/li>\n\n\n\n<li><strong>Termin: Sa, 14.02.2025<\/strong><\/li>\n\n\n\n<li>Schriftliche Pr\u00fcfung: Do, <strong>19.03.2026 <\/strong>(kein Nachholtermin, Geld zur\u00fcck bei \u00e4rztl. Attest)<\/li>\n\n\n\n<li>M\u00fcndliche Pr\u00fcfung nach den Osterferien (sp\u00e4testens bis 2 Wochen vor dem Beginn der Sommerferien)<\/li>\n<\/ul>\n\n\n\n<p>Die Teilnahme am KMK Fremdsprachenzertifikat lohnt sich. Dies betonten auch die diesj\u00e4hrigen Teilnehmer*innen mit den folgenden Aussagen:<\/p>\n\n\n\n<ul class=\"wp-block-list\">\n<li>positive Wirkung bei Bewerbungen<\/li>\n\n\n\n<li>Englisch schriftlich und m\u00fcndlich verbessern<\/li>\n\n\n\n<li>Weiterbildung in kaufm\u00e4nnischem Englisch<\/li>\n\n\n\n<li>schriftliche und m\u00fcndliche Best\u00e4tigung meiner Englischkenntnisse<\/li>\n\n\n\n<li>Englischkenntnisse erweitern<\/li>\n\n\n\n<li>eine gute M\u00f6glichkeit mein Englisch frisch zu halten<\/li>\n<\/ul>\n\n\n\n<p><strong>Ansprechpartner:<\/strong><\/p>\n\n\n\n<p>Ihre Englischlehrkr\u00e4fte<br>Chantal Fischer: <a href=\"mailto:fischer.c@bbs-buxtehude.de\"><strong>fischer.c@bbs-buxtehude.de<\/strong><\/a><br>Katja Fr\u00f6hling: <a href=\"mailto:froehling.k@bbs-buxtehude.de\"><strong>froehling.k@bbs-buxtehude.de<\/strong><\/a><\/p>\n","protected":false},"excerpt":{"rendered":"<p>Das KMK-Fremdsprachenzertifikat ist ein bundesweit einheitlich geregeltes Zertifikat zum Nachweis berufsbezogener Fremdsprachenkenntnisse. Die KMK-Sprachpr\u00fcfung ist ein international anerkanntes Fremdsprachenzertifikat gem\u00e4\u00df dem \u201eGemeinsamen Europ\u00e4ischen Referenzrahmen f\u00fcr &hellip; <\/p>\n","protected":false},"author":1,"featured_media":0,"parent":0,"menu_order":0,"comment_status":"closed","ping_status":"closed","template":"","meta":{"cybocfi_hide_featured_image":"","footnotes":""},"class_list":["post-4276","page","type-page","status-publish","hentry"],"_links":{"self":[{"href":"https:\/\/bbsbux.de\/index.php?rest_route=\/wp\/v2\/pages\/4276","targetHints":{"allow":["GET"]}}],"collection":[{"href":"https:\/\/bbsbux.de\/index.php?rest_route=\/wp\/v2\/pages"}],"about":[{"href":"https:\/\/bbsbux.de\/index.php?rest_route=\/wp\/v2\/types\/page"}],"author":[{"embeddable":true,"href":"https:\/\/bbsbux.de\/index.php?rest_route=\/wp\/v2\/users\/1"}],"replies":[{"embeddable":true,"href":"https:\/\/bbsbux.de\/index.php?rest_route=%2Fwp%2Fv2%2Fcomments&post=4276"}],"version-history":[{"count":2,"href":"https:\/\/bbsbux.de\/index.php?rest_route=\/wp\/v2\/pages\/4276\/revisions"}],"predecessor-version":[{"id":4280,"href":"https:\/\/bbsbux.de\/index.php?rest_route=\/wp\/v2\/pages\/4276\/revisions\/4280"}],"wp:attachment":[{"href":"https:\/\/bbsbux.de\/index.php?rest_route=%2Fwp%2Fv2%2Fmedia&parent=4276"}],"curies":[{"name":"wp","href":"https:\/\/api.w.org\/{rel}","templated":true}]}}