{"id":431,"date":"2020-06-24T10:01:29","date_gmt":"2020-06-24T10:01:29","guid":{"rendered":"https:\/\/bbsbux.de\/?page_id=431"},"modified":"2020-06-24T10:19:30","modified_gmt":"2020-06-24T10:19:30","slug":"kaufleute-fuer-bueromanagement","status":"publish","type":"page","link":"https:\/\/bbsbux.de\/?page_id=431","title":{"rendered":"Kaufleute f\u00fcr B\u00fcromanagement"},"content":{"rendered":"\n<p><strong>Eingangsvoraussetzungen:<\/strong> Es gibt keine gesetzlichen Vorschriften. Jeder Betrieb entscheidet, welche Voraussetzungen Bewerber mitzubringen haben. H\u00e4ufig wird der Sek. I Realschulabschluss vorausgesetzt.<\/p>\n\n\n\n<p><strong>Dauer der Ausbildung: <\/strong>Die Ausbildungsdauer betr\u00e4gt 3 Jahre, eine Verk\u00fcrzung der Ausbildung auf 2 Jahre ist m\u00f6glich.<\/p>\n\n\n\n<p><strong>Typische T\u00e4tigkeiten im Rahmen der Ausbildung:<\/strong><\/p>\n\n\n\n<ul class=\"wp-block-list\"><li>B\u00fcroprozesse abwickeln<\/li><li>internen und externen Schriftverkehr erledigen<\/li><li>Pr\u00e4sentationen vorbereiten, gestalten und durchf\u00fchren<\/li><li>Daten aufbereiten, sichern und pflegen<\/li><li>Kunden und Besucher empfangen und betreuen<\/li><li>Termine planen und \u00fcberwachen<\/li><li>Postein- und ausgang bearbeiten, Post verteilen<\/li><\/ul>\n\n\n\n<p><strong>Ein bisschen mehr: <\/strong>Im Rahmen dieser Berufsausbildung k\u00f6nnen Sie als zus\u00e4tzliche Qualifikation ein Fremdsprachenzertifikat Englisch erwerben.<\/p>\n\n\n\n<p>Die schulische Ausbildung findet an der BBS Buxtehude statt. Im ersten Ausbildungsjahr findet der Unterricht an zwei Berufsschultagen, im zweiten und dritten Ausbildungsjahr an einem Berufsschultag statt. Der Unterricht gliedert sich in berufsfeldbezogene Lernfelder und in berufsfeld\u00fcbergreifende F\u00e4cher.<\/p>\n\n\n\n<p><br><strong>Schulische Ausbildung<\/strong><\/p>\n\n\n\n<p><strong>Lernfelder<\/strong><\/p>\n\n\n\n<p><strong>Grundstufe (1. Ausbildungsjahr)<\/strong><br>LF 1: Die eigene Rolle im Betrieb mitgestalten und den Betrieb pr\u00e4sentieren<br>LF 2: B\u00fcroprozesse gestalten und Arbeitsvorg\u00e4nge organisieren<br>LF 3: Auftr\u00e4ge bearbeiten<br>LF 4: Sachg\u00fcter und Dienstleistungen beschaffen und Vertr\u00e4ge schlie\u00dfen<\/p>\n\n\n\n<p><strong>Schulische Ausbildung<\/strong><\/p>\n\n\n\n<p><strong>Fachstufe 1 (2. Ausbildungsjahr)<\/strong><br>LF 5: Kunden akquirieren und binden<br>LF 6: Wertestr\u00f6me erfassen und beurteilen<br>LF 7: Gespr\u00e4chssituationen gestalten<br>LF 8: Personalwirtschaftliche Aufgaben wahrnehmen<\/p>\n\n\n\n<p><strong>Fachstufe 2 (3. Ausbildungsjahr)<\/strong><br>LF 9: Liquidit\u00e4t sichern und Finanzierung vorbereiten<br>LF 10: Wertsch\u00f6pfungsprozesse erfolgsorientiert steuern<br>LF 11: Gesch\u00e4ftsprozesse darstellen und optimieren<br>LF 12: Veranstaltungen und Gesch\u00e4ftsreisen organisieren<br>LF 13: Ein Projekt planen<\/p>\n\n\n\n<p><strong>Weitere Ausbildungsf\u00e4cher<\/strong><\/p>\n\n\n\n<p>Politik, Fremdsprache \/ Kommunikation,<br>Deutsch \/ Kommunikation,<br><br><strong><\/strong><\/p>\n\n\n\n<p><strong>Abschl\u00fcsse und Anmeldung<\/strong><\/p>\n\n\n\n<p>Die Berufsausbildung findet als duale Ausbildung im Betrieb und in der Schule statt. Grundlage ist ein Ausbildungsvertrag, den Sie nach erfolgreicher Bewerbung mit Ihrem Ausbildungsbetrieb schlie\u00dfen.<\/p>\n\n\n\n<p><strong>Abschluss der Ausbildung:<\/strong><\/p>\n\n\n\n<p>Beim Abschluss der Ausbildung erhalten Sie zwei Zeugnisse. Diese dokumentieren f\u00fcr Sie die folgenden Abschl\u00fcsse:<\/p>\n\n\n\n<p>\u2022 &nbsp;&nbsp; Mit dem erfolgreichen Besuch der Berufsschule (alle Lernbereiche mindestens Note 4, maximal zwei Einzelnoten 5 bzw. eine Einzelnote 6) wird der Sekundarabschluss I \u2013 Hauptschulabschluss erworben, sofern noch nicht vorhanden.<\/p>\n\n\n\n<p>\u2022&nbsp;&nbsp;&nbsp; Den Sekundarabschluss I \u2013 Realschulabschluss erwirbt, wer den Berufsschulabschluss und die erfolgreiche Abschlusspr\u00fcfung in seinem Ausbildungsberuf nachweist.<\/p>\n\n\n\n<p>\u2022&nbsp;&nbsp;&nbsp; F\u00fcr den erweiterten Sekundarabschluss I m\u00fcssen auf dem Berufsschulzeugnis die folgenden Bedingungen erf\u00fcllt sein:<br><br>\u25ba Notendurchschnitt 3,0<br>\u25ba Deutsch 3<br>\u25ba Englisch 3<br>\u25ba Berufsbezogener Lernbereich 3<br><br>\u2022&nbsp;&nbsp;&nbsp; Der Berufsschulabschluss in Verbindung mit der erfolgreich abgelegten Abschlusspr\u00fcfung berechtigt zum Besuch der Klasse 12 der Fachoberschule Wirtschaft und Verwaltung &#8211; Schwerpunkt Wirtschaft.<\/p>\n\n\n\n<p><strong>Anmeldung:<\/strong><\/p>\n\n\n\n<p>Sie selbst k\u00f6nnen sich als Auszubildende\/r nicht bei der Schule anmelden. Das \u00fcbernimmt Ihr Ausbildungsbetrieb.<\/p>\n\n\n\n<p><strong>Pr\u00fcfung<\/strong><\/p>\n\n\n\n<p><strong><em>Die Abschlusspr\u00fcfung besteht aus zwei Teilen, die zeitlich auseinanderfallen (\u201egestreckt\u201c).<\/em><\/strong><\/p>\n\n\n\n<p><strong><em>Teil 1 der gestreckten Abschlusspr\u00fcfung <\/em><\/strong>findet bereits zur Mitte der Ausbildung anstelle der sonst oftmals \u00fcblichen Zwischenpr\u00fcfung statt:<\/p>\n\n\n\n<p><strong>Informationstechnisches B\u00fcromanagement<\/strong><\/p>\n\n\n\n<ul class=\"wp-block-list\"><li>Gewichtung 25 %<\/li><li>Pr\u00fcfungszeit 120 Minuten, schriftlich<\/li><\/ul>\n\n\n\n<p><strong>Teil 2<\/strong> der Abschlusspr\u00fcfung findet zum Ende der Ausbildung statt:<\/p>\n\n\n\n<p><strong>Kundenbeziehungsprozesse<\/strong><\/p>\n\n\n\n<ul class=\"wp-block-list\"><li>Gewichtung 30 %<\/li><li>Pr\u00fcfungszeit 150 Minuten, schriftlich<\/li><\/ul>\n\n\n\n<p><strong>Wirtschafts- und Sozialkunde<\/strong><\/p>\n\n\n\n<ul class=\"wp-block-list\"><li>Gewichtung 10 %<\/li><li>Pr\u00fcfungszeit 60 Minuten, schriftlich<\/li><\/ul>\n\n\n\n<p><strong>Fachaufgabe in der Wahlqualifikation<\/strong><\/p>\n\n\n\n<ul class=\"wp-block-list\"><li>Gewichtung 35 %<\/li><li>Pr\u00fcfungszeit 20 Minuten, m\u00fcndlich als fallbezogene Fachgespr\u00e4ch<\/li><\/ul>\n","protected":false},"excerpt":{"rendered":"<p>Eingangsvoraussetzungen: Es gibt keine gesetzlichen Vorschriften. Jeder Betrieb entscheidet, welche Voraussetzungen Bewerber mitzubringen haben. H\u00e4ufig wird der Sek. I Realschulabschluss vorausgesetzt. Dauer der Ausbildung: Die &hellip; <\/p>\n","protected":false},"author":1,"featured_media":434,"parent":0,"menu_order":0,"comment_status":"closed","ping_status":"closed","template":"","meta":{"cybocfi_hide_featured_image":"","footnotes":""},"class_list":["post-431","page","type-page","status-publish","has-post-thumbnail","hentry"],"_links":{"self":[{"href":"https:\/\/bbsbux.de\/index.php?rest_route=\/wp\/v2\/pages\/431","targetHints":{"allow":["GET"]}}],"collection":[{"href":"https:\/\/bbsbux.de\/index.php?rest_route=\/wp\/v2\/pages"}],"about":[{"href":"https:\/\/bbsbux.de\/index.php?rest_route=\/wp\/v2\/types\/page"}],"author":[{"embeddable":true,"href":"https:\/\/bbsbux.de\/index.php?rest_route=\/wp\/v2\/users\/1"}],"replies":[{"embeddable":true,"href":"https:\/\/bbsbux.de\/index.php?rest_route=%2Fwp%2Fv2%2Fcomments&post=431"}],"version-history":[{"count":2,"href":"https:\/\/bbsbux.de\/index.php?rest_route=\/wp\/v2\/pages\/431\/revisions"}],"predecessor-version":[{"id":435,"href":"https:\/\/bbsbux.de\/index.php?rest_route=\/wp\/v2\/pages\/431\/revisions\/435"}],"wp:featuredmedia":[{"embeddable":true,"href":"https:\/\/bbsbux.de\/index.php?rest_route=\/wp\/v2\/media\/434"}],"wp:attachment":[{"href":"https:\/\/bbsbux.de\/index.php?rest_route=%2Fwp%2Fv2%2Fmedia&parent=431"}],"curies":[{"name":"wp","href":"https:\/\/api.w.org\/{rel}","templated":true}]}}