{"id":613,"date":"2020-12-18T13:43:52","date_gmt":"2020-12-18T13:43:52","guid":{"rendered":"https:\/\/bbsbux.de\/?page_id=613"},"modified":"2025-03-03T15:42:18","modified_gmt":"2025-03-03T15:42:18","slug":"schulleitung","status":"publish","type":"page","link":"https:\/\/bbsbux.de\/?page_id=613","title":{"rendered":"Schulleitung"},"content":{"rendered":"\n<div class=\"wp-block-media-text alignwide is-stacked-on-mobile is-vertically-aligned-top\" style=\"grid-template-columns:23% auto\"><figure class=\"wp-block-media-text__media\"><img loading=\"lazy\" decoding=\"async\" width=\"266\" height=\"240\" src=\"https:\/\/bbsbux.de\/wp-content\/uploads\/2020\/12\/schroeder.jpg\" alt=\"Carsten Schr\u00f6der, Schulleiter\" class=\"wp-image-610 size-full\"\/><\/figure><div class=\"wp-block-media-text__content\">\n<p><strong>Carsten Schr\u00f6der, Schulleiter<\/strong><br>Oberstudiendirektor<\/p>\n\n\n\n<p><strong>Telefon: 04161-5557-0<\/strong><\/p>\n\n\n\n<p><a href=\"https:\/\/bbsbux.de\/?page_id=671\">Kontaktformular<\/a><\/p>\n<\/div><\/div>\n\n\n\n<p>Ich f\u00fchre die Berufsbildenden Schulen Buxtehude nach einem von unserer Schulgemeinschaft erstellten Leitbild.&nbsp;<br>Ich habe die Gesamtverantwortung f\u00fcr diese gute Schule und ihre weitere Qualit\u00e4tsentwicklung, hierbei werde ich von einem leistungsstarken Kollegium unterst\u00fctzt.<br>Ich organisiere die laufenden Verwaltungsgesch\u00e4fte und bin dann Ihr Ansprechpartner, wenn Ihnen ansonsten niemand in der Schule eine Auskunft geben oder niemand eine Entscheidung treffen kann.<br>Zusammen mit dem Koordinator Ulrich Stahl gestalte ich diese Homepage inhaltlich und bin f\u00fcr die Weiterentwicklung des Systems verantwortlich.<br><br><\/p>\n\n\n\n<div class=\"wp-block-media-text alignwide is-stacked-on-mobile\" style=\"grid-template-columns:23% auto\"><figure class=\"wp-block-media-text__media\"><img loading=\"lazy\" decoding=\"async\" width=\"266\" height=\"228\" src=\"https:\/\/bbsbux.de\/wp-content\/uploads\/2025\/03\/fetz.jpg\" alt=\"\" class=\"wp-image-3825 size-full\"\/><\/figure><div class=\"wp-block-media-text__content\">\n<p><strong>Heike Fetz, St\u00e4ndige Vertreterin des Schulleiters<\/strong><br>Studiendirektorin<br><br><strong>Telefon 04161-5557-0<\/strong><\/p>\n\n\n\n<p><a href=\"https:\/\/bbsbux.de\/?page_id=671\">Kontaktformular<\/a><\/p>\n<\/div><\/div>\n\n\n\n<p>Ich vertrete den Schulleiter, wenn dieser in der Wahrnehmung seiner Aufgaben verhindert ist.<br>F\u00fcr den Stundenplan und die Vertretungsplanung trage ich die Gesamtverantwortung. <br>Mein Anliegen ist es, die Schule gut weiterzuentwickeln.<\/p>\n","protected":false},"excerpt":{"rendered":"<p>Carsten Schr\u00f6der, SchulleiterOberstudiendirektor Telefon: 04161-5557-0 Kontaktformular Ich f\u00fchre die Berufsbildenden Schulen Buxtehude nach einem von unserer Schulgemeinschaft erstellten Leitbild.&nbsp;Ich habe die Gesamtverantwortung f\u00fcr diese gute &hellip; <\/p>\n","protected":false},"author":1,"featured_media":0,"parent":0,"menu_order":0,"comment_status":"closed","ping_status":"closed","template":"","meta":{"cybocfi_hide_featured_image":"","footnotes":""},"class_list":["post-613","page","type-page","status-publish","hentry"],"_links":{"self":[{"href":"https:\/\/bbsbux.de\/index.php?rest_route=\/wp\/v2\/pages\/613","targetHints":{"allow":["GET"]}}],"collection":[{"href":"https:\/\/bbsbux.de\/index.php?rest_route=\/wp\/v2\/pages"}],"about":[{"href":"https:\/\/bbsbux.de\/index.php?rest_route=\/wp\/v2\/types\/page"}],"author":[{"embeddable":true,"href":"https:\/\/bbsbux.de\/index.php?rest_route=\/wp\/v2\/users\/1"}],"replies":[{"embeddable":true,"href":"https:\/\/bbsbux.de\/index.php?rest_route=%2Fwp%2Fv2%2Fcomments&post=613"}],"version-history":[{"count":6,"href":"https:\/\/bbsbux.de\/index.php?rest_route=\/wp\/v2\/pages\/613\/revisions"}],"predecessor-version":[{"id":3826,"href":"https:\/\/bbsbux.de\/index.php?rest_route=\/wp\/v2\/pages\/613\/revisions\/3826"}],"wp:attachment":[{"href":"https:\/\/bbsbux.de\/index.php?rest_route=%2Fwp%2Fv2%2Fmedia&parent=613"}],"curies":[{"name":"wp","href":"https:\/\/api.w.org\/{rel}","templated":true}]}}