{"id":62,"date":"2020-04-06T20:07:29","date_gmt":"2020-04-06T20:07:29","guid":{"rendered":"http:\/\/bbsbux.de\/?page_id=62"},"modified":"2022-09-27T06:45:57","modified_gmt":"2022-09-27T06:45:57","slug":"partnerland-daenemark","status":"publish","type":"page","link":"https:\/\/bbsbux.de\/?page_id=62","title":{"rendered":"Partnerland D\u00e4nemark"},"content":{"rendered":"<div class=\"wp-block-image\">\n<figure class=\"aligncenter size-large is-resized\"><img loading=\"lazy\" decoding=\"async\" src=\"https:\/\/bbsbux.de\/wp-content\/uploads\/2020\/04\/dk.gif\" alt=\"\" class=\"wp-image-73\" width=\"133\" height=\"99\"\/><figcaption>D\u00e4nemark<\/figcaption><\/figure>\n<\/div>\n\n\n<p>D\u00e4nemark ist ein skandinavisches Land, das die Halbinsel J\u00fctland sowie zahlreiche Inseln umfasst und \u00fcber die \u00d6resundbr\u00fccke mit dem Nachbarland Schweden verbunden ist. Die einzige Landgrenze hat D\u00e4nemark zu Deutschland. Im dortigen, ehemals d\u00e4nischen S\u00fcdschleswig lebt eine d\u00e4nische Minderheit. Im 1866 bis 1920 zu Preu\u00dfen geh\u00f6renden Nordschleswig gibt es eine deutsche Minderheit.<br>Die Hauptstadt Kopenhagen ist bekannt f\u00fcr ihre K\u00f6nigspal\u00e4ste und die bunten H\u00e4user am Hafen Nyhavn sowie den Vergn\u00fcgungspark Tivoli und die ber\u00fchmte Statue der &#8222;Kleinen Meerjungfrau&#8220;. Odense, die Heimatstadt des Schriftstellers Hans Christian Andersen, hat einen mittelalterlichen Stadtkern mit kopfsteingepflasterten Stra\u00dfen und Fachwerkh\u00e4usern.<br>D\u00e4nemark hat eine sehr lange Tradition als Monarchie, das Bildungssystem gilt als vorbildlich und weit entwickelt und in D\u00e4nemark lebende Menschen sind mit sich und ihrem Leben sehr zufrieden.<br>(frei nach Wikipedia)<\/p>\n","protected":false},"excerpt":{"rendered":"<p>D\u00e4nemark ist ein skandinavisches Land, das die Halbinsel J\u00fctland sowie zahlreiche Inseln umfasst und \u00fcber die \u00d6resundbr\u00fccke mit dem Nachbarland Schweden verbunden ist. Die einzige &hellip; <\/p>\n","protected":false},"author":1,"featured_media":0,"parent":0,"menu_order":0,"comment_status":"closed","ping_status":"closed","template":"","meta":{"cybocfi_hide_featured_image":"","footnotes":""},"class_list":["post-62","page","type-page","status-publish","hentry"],"_links":{"self":[{"href":"https:\/\/bbsbux.de\/index.php?rest_route=\/wp\/v2\/pages\/62","targetHints":{"allow":["GET"]}}],"collection":[{"href":"https:\/\/bbsbux.de\/index.php?rest_route=\/wp\/v2\/pages"}],"about":[{"href":"https:\/\/bbsbux.de\/index.php?rest_route=\/wp\/v2\/types\/page"}],"author":[{"embeddable":true,"href":"https:\/\/bbsbux.de\/index.php?rest_route=\/wp\/v2\/users\/1"}],"replies":[{"embeddable":true,"href":"https:\/\/bbsbux.de\/index.php?rest_route=%2Fwp%2Fv2%2Fcomments&post=62"}],"version-history":[{"count":6,"href":"https:\/\/bbsbux.de\/index.php?rest_route=\/wp\/v2\/pages\/62\/revisions"}],"predecessor-version":[{"id":2459,"href":"https:\/\/bbsbux.de\/index.php?rest_route=\/wp\/v2\/pages\/62\/revisions\/2459"}],"wp:attachment":[{"href":"https:\/\/bbsbux.de\/index.php?rest_route=%2Fwp%2Fv2%2Fmedia&parent=62"}],"curies":[{"name":"wp","href":"https:\/\/api.w.org\/{rel}","templated":true}]}}