{"id":694,"date":"2021-01-04T20:51:02","date_gmt":"2021-01-04T20:51:02","guid":{"rendered":"https:\/\/bbsbux.de\/?page_id=694"},"modified":"2021-09-23T09:28:25","modified_gmt":"2021-09-23T09:28:25","slug":"schulverein-der-bbs-buxtehude-e-v","status":"publish","type":"page","link":"https:\/\/bbsbux.de\/?page_id=694","title":{"rendered":"Schulverein der BBS-Buxtehude e.V."},"content":{"rendered":"\n<div class=\"wp-block-columns is-layout-flex wp-container-core-columns-is-layout-9d6595d7 wp-block-columns-is-layout-flex\">\n<div class=\"wp-block-column is-layout-flow wp-block-column-is-layout-flow\" style=\"flex-basis:33.33%\">\n<figure class=\"wp-block-image size-large is-style-rounded\"><img loading=\"lazy\" decoding=\"async\" width=\"706\" height=\"1024\" src=\"https:\/\/bbsbux.de\/wp-content\/uploads\/2021\/09\/Tuchscherer02-706x1024.jpg\" alt=\"\" class=\"wp-image-1648\" srcset=\"https:\/\/bbsbux.de\/wp-content\/uploads\/2021\/09\/Tuchscherer02-706x1024.jpg 706w, https:\/\/bbsbux.de\/wp-content\/uploads\/2021\/09\/Tuchscherer02-207x300.jpg 207w, https:\/\/bbsbux.de\/wp-content\/uploads\/2021\/09\/Tuchscherer02-768x1113.jpg 768w, https:\/\/bbsbux.de\/wp-content\/uploads\/2021\/09\/Tuchscherer02-1059x1536.jpg 1059w, https:\/\/bbsbux.de\/wp-content\/uploads\/2021\/09\/Tuchscherer02-1413x2048.jpg 1413w, https:\/\/bbsbux.de\/wp-content\/uploads\/2021\/09\/Tuchscherer02-scaled.jpg 1766w\" sizes=\"auto, (max-width: 706px) 100vw, 706px\" \/><figcaption>Johann Tuchscherer, StR<\/figcaption><\/figure>\n<\/div>\n\n\n\n<div class=\"wp-block-column is-layout-flow wp-block-column-is-layout-flow\" style=\"flex-basis:66.66%\">\n<p>Sehr geehrte Damen und Herren,<br>sehr geehrte Eltern,<br>liebe Sch\u00fclerinnen und Sch\u00fcler,<br>seit 1993 gibt es an den Berufsbildenden Schulen einen eingetragenen Schulverein, der ausschlie\u00dflich und unmittelbar gemeinn\u00fctzig t\u00e4tig ist im Sinne des Abschnitts \u201eSteuerbeg\u00fcnstigte Zwecke\u201c der Abgabenordnung.<br>Satzungsm\u00e4\u00dfiger Zweck des Vereins ist die Unterst\u00fctzung der schulischen Ausbildung mit f\u00f6rdernden Zuwendungen z.B. f\u00fcr Sammlungen, B\u00fcchereien und die sinnvolle Erg\u00e4nzung der Lernmittel, die das Lernen anschaulicher, interessanter und leichter machen.<\/p>\n<\/div>\n<\/div>\n\n\n\n<p><\/p>\n\n\n\n<ul class=\"wp-block-list\"><li>Der Schulverein f\u00f6rderte bisher:<\/li><li>Anschaffung von Lehrb\u00fcchern f\u00fcr die Sch\u00fclerb\u00fccherei<\/li><li>Anschaffung von Instrumenten f\u00fcr Gruppen der Musik- AG<\/li><li>den Erwerb von Textb\u00fcchern f\u00fcr den Deutschunterricht<\/li><li>die Laborausstattung f\u00fcr den Chemie &#8211; und Biologieunterricht<\/li><li>Ausstattungserg\u00e4nzung f\u00fcr einen zeitgem\u00e4\u00dfen Sportunterricht<\/li><\/ul>\n\n\n\n<p>Damit der Lernort Schule auch f\u00fcr unsere neuen Sch\u00fclerinnen und Sch\u00fcler noch attraktiver wird, bitten wir um Ihre Unterst\u00fctzung.<\/p>\n\n\n\n<p><strong>Werden Sie Mitglied im Schulverein der BBS Buxtehude.<br>Hier finden Sie das Beitrittsformular zum\u00a0<a href=\"https:\/\/bbsbux.de\/wp-content\/uploads\/2021\/09\/Beitrittserklaerung2021.pdf\" target=\"_blank\" rel=\"noreferrer noopener\">Download<\/a>!<\/strong><br>Der Mindestjahresbeitrag betr\u00e4gt nur 10 \u20ac und wird jeweils im Februar \u00fcber Einzugserm\u00e4chtigung erhoben.<\/p>\n\n\n\n<p>Mit freundlichen Gru\u00df und der Bitte um Unterst\u00fctzung<\/p>\n\n\n\n<p>Schulverein der BBS-Buxtehude e.V.<br>Johann Tuchscherer, 1. Vorsitzender<\/p>\n","protected":false},"excerpt":{"rendered":"<p>Sehr geehrte Damen und Herren,sehr geehrte Eltern,liebe Sch\u00fclerinnen und Sch\u00fcler,seit 1993 gibt es an den Berufsbildenden Schulen einen eingetragenen Schulverein, der ausschlie\u00dflich und unmittelbar gemeinn\u00fctzig &hellip; <\/p>\n","protected":false},"author":1,"featured_media":0,"parent":0,"menu_order":0,"comment_status":"closed","ping_status":"closed","template":"","meta":{"cybocfi_hide_featured_image":"","footnotes":""},"class_list":["post-694","page","type-page","status-publish","hentry"],"_links":{"self":[{"href":"https:\/\/bbsbux.de\/index.php?rest_route=\/wp\/v2\/pages\/694","targetHints":{"allow":["GET"]}}],"collection":[{"href":"https:\/\/bbsbux.de\/index.php?rest_route=\/wp\/v2\/pages"}],"about":[{"href":"https:\/\/bbsbux.de\/index.php?rest_route=\/wp\/v2\/types\/page"}],"author":[{"embeddable":true,"href":"https:\/\/bbsbux.de\/index.php?rest_route=\/wp\/v2\/users\/1"}],"replies":[{"embeddable":true,"href":"https:\/\/bbsbux.de\/index.php?rest_route=%2Fwp%2Fv2%2Fcomments&post=694"}],"version-history":[{"count":4,"href":"https:\/\/bbsbux.de\/index.php?rest_route=\/wp\/v2\/pages\/694\/revisions"}],"predecessor-version":[{"id":1654,"href":"https:\/\/bbsbux.de\/index.php?rest_route=\/wp\/v2\/pages\/694\/revisions\/1654"}],"wp:attachment":[{"href":"https:\/\/bbsbux.de\/index.php?rest_route=%2Fwp%2Fv2%2Fmedia&parent=694"}],"curies":[{"name":"wp","href":"https:\/\/api.w.org\/{rel}","templated":true}]}}