{"id":697,"date":"2021-01-05T20:03:26","date_gmt":"2021-01-05T20:03:26","guid":{"rendered":"https:\/\/bbsbux.de\/?page_id=697"},"modified":"2024-11-18T10:32:52","modified_gmt":"2024-11-18T10:32:52","slug":"hallo-ich-bin-ihr-berufsberater","status":"publish","type":"page","link":"https:\/\/bbsbux.de\/?page_id=697","title":{"rendered":"Berufsberatung durch die Agentur f\u00fcr Arbeit"},"content":{"rendered":"\n<p>Gespr\u00e4che mit der Berufsberaterin finden im Besprechungsraum 2 (Raum-Nr. 2231) statt. Ebenso ist es m\u00f6glich, zu einem \u00a0ausf\u00fchrlichen Beratungsgespr\u00e4ch in die Agentur f\u00fcr Arbeit kommen. Einen Termin bekommen Sie \u00fcber unsere kostenfreie Service-Nummer 0800 4 5555 00.<br><br>Dieser <a href=\"https:\/\/www.arbeitsagentur.de\/vor-ort\/stade\/bbsbux\" target=\"_blank\" rel=\"noreferrer noopener\"><strong>Link<\/strong><\/a> f\u00fcr direkt auf die Seite der Berufsberaterin der Agentur f\u00fcr Arbeit.<\/p>\n\n\n\n<p><\/p>\n","protected":false},"excerpt":{"rendered":"<p>Gespr\u00e4che mit der Berufsberaterin finden im Besprechungsraum 2 (Raum-Nr. 2231) statt. Ebenso ist es m\u00f6glich, zu einem \u00a0ausf\u00fchrlichen Beratungsgespr\u00e4ch in die Agentur f\u00fcr Arbeit kommen. &hellip; <\/p>\n","protected":false},"author":1,"featured_media":0,"parent":0,"menu_order":0,"comment_status":"closed","ping_status":"closed","template":"","meta":{"cybocfi_hide_featured_image":"","footnotes":""},"class_list":["post-697","page","type-page","status-publish","hentry"],"_links":{"self":[{"href":"https:\/\/bbsbux.de\/index.php?rest_route=\/wp\/v2\/pages\/697","targetHints":{"allow":["GET"]}}],"collection":[{"href":"https:\/\/bbsbux.de\/index.php?rest_route=\/wp\/v2\/pages"}],"about":[{"href":"https:\/\/bbsbux.de\/index.php?rest_route=\/wp\/v2\/types\/page"}],"author":[{"embeddable":true,"href":"https:\/\/bbsbux.de\/index.php?rest_route=\/wp\/v2\/users\/1"}],"replies":[{"embeddable":true,"href":"https:\/\/bbsbux.de\/index.php?rest_route=%2Fwp%2Fv2%2Fcomments&post=697"}],"version-history":[{"count":11,"href":"https:\/\/bbsbux.de\/index.php?rest_route=\/wp\/v2\/pages\/697\/revisions"}],"predecessor-version":[{"id":3599,"href":"https:\/\/bbsbux.de\/index.php?rest_route=\/wp\/v2\/pages\/697\/revisions\/3599"}],"wp:attachment":[{"href":"https:\/\/bbsbux.de\/index.php?rest_route=%2Fwp%2Fv2%2Fmedia&parent=697"}],"curies":[{"name":"wp","href":"https:\/\/api.w.org\/{rel}","templated":true}]}}